{"id":335,"date":"2015-08-24T13:48:37","date_gmt":"2015-08-24T10:48:37","guid":{"rendered":"http:\/\/www.villemipubid.ee\/sweet-rosie\/?page_id=335"},"modified":"2026-02-02T10:28:35","modified_gmt":"2026-02-02T08:28:35","slug":"soogid-uus","status":"publish","type":"page","link":"https:\/\/www.villemipubid.ee\/sweet-rosie\/menuu\/soogid-uus\/","title":{"rendered":"S\u00f6\u00f6gid"},"content":{"rendered":"<h1>Suupisted<\/h1>\n<table width=\"697\">\n<tbody>\n<tr>\n<td width=\"628\">\u00d5lles\u00f5prade suupistevaagen<br \/>\n(kanatiivad, ribi, k\u00fc\u00fcslaugul., pelmeenid, juustupallid)<\/td>\n<td width=\"69\">19,50<\/td>\n<\/tr>\n<tr>\n<td>K\u00fcpsetatud kanatiivad kahe kastmega<\/td>\n<td>5,90<\/td>\n<\/tr>\n<tr>\n<td>K\u00fcpsetatud lihak\u00f5rned k\u00fc\u00fcsalugukastmega<\/td>\n<td>5,90<\/td>\n<\/tr>\n<tr>\n<td>Sibular\u00f5ngad \u00f5lletaignas<\/td>\n<td>5,90<\/td>\n<\/tr>\n<tr>\n<td>R\u00f6\u00f6vliribid BBQ &#8211; glasuuris terava kastmega<\/td>\n<td>6,70<\/td>\n<\/tr>\n<tr>\n<td>K\u00fcpsetatud pelmeenid kr\u00f5beda sibula, juustu ja tillikastmega<\/td>\n<td>5,90<\/td>\n<\/tr>\n<tr>\n<td>K\u00fcpsetatud tiigerkrevetid v\u00fcrtsikas t\u0161illi &#8211; k\u00fc\u00fcslaugukastmes<\/td>\n<td>7,80<\/td>\n<\/tr>\n<tr>\n<td>K\u00fcpsetatud juustu-peekonipallid k\u00fc\u00fcslaugukastmega<\/td>\n<td>5,90<\/td>\n<\/tr>\n<tr>\n<td>Juustutaldrik serrano ja salaamiga<\/td>\n<td>13,50<\/td>\n<\/tr>\n<tr>\n<td>K\u00fc\u00fcslauguleivad k\u00fc\u00fcslaugujuustuga<\/td>\n<td>4,70<\/td>\n<\/tr>\n<tr>\n<td>Iirip\u00e4rased kr\u00f5bekartulid kahe kastmega<\/td>\n<td>4,40<\/td>\n<\/tr>\n<tr>\n<td>Ahven taignas tar-tar kastmega<\/td>\n<td>5,90<\/td>\n<\/tr>\n<tr>\n<td>Kr\u00f5bedad Tacod rebitud lihaga Sriracha kastmes<\/td>\n<td>6,70<\/td>\n<\/tr>\n<tr>\n<td>K\u00fcpsetatud vorstisn\u00e4kid terava kastmega<\/td>\n<td>5,90<\/td>\n<\/tr>\n<tr>\n<td><\/td>\n<td><\/td>\n<\/tr>\n<\/tbody>\n<\/table>\n<h1>Salatid<\/h1>\n<table width=\"697\">\n<tbody>\n<tr>\n<td width=\"628\">Salat praekartulite ja r\u00f6stbiifiga<\/td>\n<td width=\"69\">7,00<\/td>\n<\/tr>\n<tr>\n<td>Caesari salat kanaga<\/td>\n<td>7,00<\/td>\n<\/tr>\n<tr>\n<td>Caesari salat praetud l\u00f5he ja tiigerkrevettidega<\/td>\n<td>8,00<\/td>\n<\/tr>\n<tr>\n<td>Salat tiigerkrevettide ja tr\u00fchvlimajoga<\/td>\n<td>8,00<\/td>\n<\/tr>\n<tr>\n<td>Salat k\u00fcpsetatud pardifileega<\/td>\n<td>7,50<\/td>\n<\/tr>\n<\/tbody>\n<\/table>\n<h1>Supid<\/h1>\n<table style=\"height: 147px\" width=\"696\">\n<tbody>\n<tr>\n<td style=\"width: 609px\">Selge kalasupp krevettidega<\/td>\n<td style=\"width: 72px\">5,60<\/td>\n<\/tr>\n<tr>\n<td style=\"width: 609px\">V\u00fcrtsikas punane lihasupp kebabivardaga<\/td>\n<td style=\"width: 72px\">5,60<\/td>\n<\/tr>\n<tr>\n<td style=\"width: 609px\">Seljanka<\/td>\n<td style=\"width: 72px\">5,60<\/td>\n<\/tr>\n<tr>\n<td style=\"width: 609px\"><\/td>\n<td style=\"width: 72px\"><\/td>\n<\/tr>\n<\/tbody>\n<\/table>\n<h1>Panni ja pastaroad<\/h1>\n<table width=\"697\">\n<tbody>\n<tr>\n<td width=\"628\">Poissmehe pannikas rebitud sealihaga<\/td>\n<td width=\"69\">8,20<\/td>\n<\/tr>\n<tr>\n<td>Koorene v\u00fcrtsikas pastaroog kana ja krevettidega<\/td>\n<td>8,20<\/td>\n<\/tr>\n<tr>\n<td>Pestone kanapasta peekoni ja paprikaga<\/td>\n<td>8,20<\/td>\n<\/tr>\n<tr>\n<td>L\u00f5he-krevetipasta kooreses valgeveinikastmes<\/td>\n<td>8,40<\/td>\n<\/tr>\n<tr>\n<td><\/td>\n<td><\/td>\n<\/tr>\n<tr>\n<td><\/td>\n<td><\/td>\n<\/tr>\n<\/tbody>\n<\/table>\n<h1>Traditsioonilised pubiportsud<\/h1>\n<table width=\"697\">\n<tbody>\n<tr>\n<td width=\"628\">Fish &amp; Chips &#8211; Ahven kr\u00f5bedas taignas friikartulitega<\/td>\n<td width=\"69\">9,70<\/td>\n<\/tr>\n<tr>\n<td>Rosie hommikus\u00f6\u00f6k praetud kartulitega<\/td>\n<td>8,50<\/td>\n<\/tr>\n<tr>\n<td>Praetud juustu\u0161nitsel sinepikastme,v\u00e4rske salati ja kartulillastudega<\/td>\n<td>8,50<\/td>\n<\/tr>\n<tr>\n<td>Rosie Brioche Burger friikartulitega<\/td>\n<td>8,90<\/td>\n<\/tr>\n<tr>\n<td>XXL &#8211; kartul rebitud lihaga<\/td>\n<td>8,80<\/td>\n<\/tr>\n<tr>\n<td><\/td>\n<td><\/td>\n<\/tr>\n<\/tbody>\n<\/table>\n<h1>Praed<\/h1>\n<table width=\"697\">\n<tbody>\n<tr>\n<td width=\"628\">Lihaveise antrekoot punaveinikastme, k\u00f6\u00f6giviljwoki ja XXL kartuliga<\/td>\n<td width=\"69\">15,50<\/td>\n<\/tr>\n<tr>\n<td>R\u00f6\u00f6vliribi BBQ kastmega Coleslaw salati ja friikartulitega<\/td>\n<td>11,20<\/td>\n<\/tr>\n<tr>\n<td>Grillitud l\u00f5he suitsujuustukastme, k\u00f6\u00f6giviljawoki ka kartuli &#8211; brokkolip\u00fcreega<\/td>\n<td>13,00<\/td>\n<\/tr>\n<tr>\n<td>Noore Villemi \u0161nitsel Coleslaw salati ja friikartulitega<\/td>\n<td>11,20<\/td>\n<\/tr>\n<tr>\n<td>Kanafilee juustus karrikastme, v\u00e4rske salati ja kartulilaastudega<\/td>\n<td>11,20<\/td>\n<\/tr>\n<tr>\n<td>Pardirind punaveinikastme, k\u00f6\u00f6giviljawoki ja kartuli-bataadip\u00fcreega<\/td>\n<td>13,00<\/td>\n<\/tr>\n<tr>\n<td><\/td>\n<td><\/td>\n<\/tr>\n<\/tbody>\n<\/table>\n<h1>Magustoidud<\/h1>\n<table width=\"697\">\n<tbody>\n<tr>\n<td style=\"width: 609px\">Creme Brulee<\/td>\n<td style=\"width: 72px\">5,70<\/td>\n<\/tr>\n<tr>\n<td style=\"width: 609px\">Kolme \u0161okolaadi kook<\/td>\n<td style=\"width: 72px\">5,70<\/td>\n<\/tr>\n<tr>\n<td style=\"width: 609px\">Pannkoogid j\u00e4\u00e4tise ja musts\u00f5stramoosiga<\/td>\n<td style=\"width: 72px\">5,70<\/td>\n<\/tr>\n<tr>\n<td style=\"width: 609px\">J\u00e4\u00e4tisekokteil<\/td>\n<td style=\"width: 72px\">5,00<\/td>\n<\/tr>\n<tr>\n<td style=\"width: 609px\">J\u00e4\u00e4tis maasikakastmega<\/td>\n<td style=\"width: 72px\">5,00<\/td>\n<\/tr>\n<tr>\n<td style=\"width: 609px\">\u0160okolaadi laavakook j\u00e4\u00e4tise ja maasikakastmega<\/td>\n<td style=\"width: 72px\">5,70<\/td>\n<\/tr>\n<tr>\n<td style=\"width: 609px\"><\/td>\n<td style=\"width: 72px\"><\/td>\n<\/tr>\n<\/tbody>\n<\/table>\n","protected":false},"excerpt":{"rendered":"<p>Suupisted \u00d5lles\u00f5prade suupistevaagen (kanatiivad, ribi, k\u00fc\u00fcslaugul., pelmeenid, juustupallid) 19,50 K\u00fcpsetatud kanatiivad kahe kastmega 5,90 K\u00fcpsetatud lihak\u00f5rned k\u00fc\u00fcsalugukastmega 5,90 Sibular\u00f5ngad \u00f5lletaignas 5,90 R\u00f6\u00f6vliribid BBQ &#8211; glasuuris terava kastmega 6,70 K\u00fcpsetatud pelmeenid kr\u00f5beda sibula, juustu ja tillikastmega 5,90 K\u00fcpsetatud tiigerkrevetid v\u00fcrtsikas t\u0161illi &#8230;<\/p>\n","protected":false},"author":1,"featured_media":37,"parent":11,"menu_order":3,"comment_status":"closed","ping_status":"closed","template":"soogimenuu.php","meta":[],"yoast_head":"<!-- This site is optimized with the Yoast SEO plugin v18.3 - https:\/\/yoast.com\/wordpress\/plugins\/seo\/ -->\n<title>S\u00f6\u00f6gid - Sweet Rosie<\/title>\n<meta name=\"robots\" content=\"index, follow, max-snippet:-1, max-image-preview:large, max-video-preview:-1\" \/>\n<link rel=\"canonical\" href=\"https:\/\/www.villemipubid.ee\/sweet-rosie\/menuu\/soogid-uus\/\" \/>\n<meta property=\"og:locale\" content=\"et_EE\" \/>\n<meta property=\"og:type\" content=\"article\" \/>\n<meta property=\"og:title\" content=\"S\u00f6\u00f6gid - Sweet Rosie\" \/>\n<meta property=\"og:description\" content=\"Suupisted \u00d5lles\u00f5prade suupistevaagen (kanatiivad, ribi, k\u00fc\u00fcslaugul., pelmeenid, juustupallid) 19,50 K\u00fcpsetatud kanatiivad kahe kastmega 5,90 K\u00fcpsetatud lihak\u00f5rned k\u00fc\u00fcsalugukastmega 5,90 Sibular\u00f5ngad \u00f5lletaignas 5,90 R\u00f6\u00f6vliribid BBQ &#8211; glasuuris terava kastmega 6,70 K\u00fcpsetatud pelmeenid kr\u00f5beda sibula, juustu ja tillikastmega 5,90 K\u00fcpsetatud tiigerkrevetid v\u00fcrtsikas t\u0161illi ...\" \/>\n<meta property=\"og:url\" content=\"https:\/\/www.villemipubid.ee\/sweet-rosie\/menuu\/soogid-uus\/\" \/>\n<meta property=\"og:site_name\" content=\"Sweet Rosie\" \/>\n<meta property=\"article:modified_time\" content=\"2026-02-02T08:28:35+00:00\" \/>\n<meta property=\"og:image\" content=\"http:\/\/www.villemipubid.ee\/sweet-rosie\/wp-content\/uploads\/sites\/7\/2015\/05\/monusvillem.jpg\" \/>\n\t<meta property=\"og:image:width\" content=\"1600\" \/>\n\t<meta property=\"og:image:height\" content=\"936\" \/>\n\t<meta property=\"og:image:type\" content=\"image\/jpeg\" \/>\n<meta name=\"twitter:card\" content=\"summary\" \/>\n<meta name=\"twitter:label1\" content=\"Est. reading time\" \/>\n\t<meta name=\"twitter:data1\" content=\"2 minutit\" \/>\n<script type=\"application\/ld+json\" class=\"yoast-schema-graph\">{\"@context\":\"https:\/\/schema.org\",\"@graph\":[{\"@type\":\"WebSite\",\"@id\":\"https:\/\/www.villemipubid.ee\/sweet-rosie\/#website\",\"url\":\"https:\/\/www.villemipubid.ee\/sweet-rosie\/\",\"name\":\"Sweet Rosie\",\"description\":\"\",\"potentialAction\":[{\"@type\":\"SearchAction\",\"target\":{\"@type\":\"EntryPoint\",\"urlTemplate\":\"https:\/\/www.villemipubid.ee\/sweet-rosie\/?s={search_term_string}\"},\"query-input\":\"required name=search_term_string\"}],\"inLanguage\":\"et\"},{\"@type\":\"ImageObject\",\"@id\":\"https:\/\/www.villemipubid.ee\/sweet-rosie\/menuu\/soogid-uus\/#primaryimage\",\"inLanguage\":\"et\",\"url\":\"https:\/\/www.villemipubid.ee\/sweet-rosie\/wp-content\/uploads\/sites\/7\/2015\/05\/monusvillem.jpg\",\"contentUrl\":\"https:\/\/www.villemipubid.ee\/sweet-rosie\/wp-content\/uploads\/sites\/7\/2015\/05\/monusvillem.jpg\",\"width\":1600,\"height\":936},{\"@type\":\"WebPage\",\"@id\":\"https:\/\/www.villemipubid.ee\/sweet-rosie\/menuu\/soogid-uus\/#webpage\",\"url\":\"https:\/\/www.villemipubid.ee\/sweet-rosie\/menuu\/soogid-uus\/\",\"name\":\"S\u00f6\u00f6gid - Sweet Rosie\",\"isPartOf\":{\"@id\":\"https:\/\/www.villemipubid.ee\/sweet-rosie\/#website\"},\"primaryImageOfPage\":{\"@id\":\"https:\/\/www.villemipubid.ee\/sweet-rosie\/menuu\/soogid-uus\/#primaryimage\"},\"datePublished\":\"2015-08-24T10:48:37+00:00\",\"dateModified\":\"2026-02-02T08:28:35+00:00\",\"breadcrumb\":{\"@id\":\"https:\/\/www.villemipubid.ee\/sweet-rosie\/menuu\/soogid-uus\/#breadcrumb\"},\"inLanguage\":\"et\",\"potentialAction\":[{\"@type\":\"ReadAction\",\"target\":[\"https:\/\/www.villemipubid.ee\/sweet-rosie\/menuu\/soogid-uus\/\"]}]},{\"@type\":\"BreadcrumbList\",\"@id\":\"https:\/\/www.villemipubid.ee\/sweet-rosie\/menuu\/soogid-uus\/#breadcrumb\",\"itemListElement\":[{\"@type\":\"ListItem\",\"position\":1,\"name\":\"Home\",\"item\":\"https:\/\/www.villemipubid.ee\/sweet-rosie\/\"},{\"@type\":\"ListItem\",\"position\":2,\"name\":\"Men\u00fc\u00fc\",\"item\":\"https:\/\/www.villemipubid.ee\/sweet-rosie\/menuu\/\"},{\"@type\":\"ListItem\",\"position\":3,\"name\":\"S\u00f6\u00f6gid\"}]}]}<\/script>\n<!-- \/ Yoast SEO plugin. -->","yoast_head_json":{"title":"S\u00f6\u00f6gid - Sweet Rosie","robots":{"index":"index","follow":"follow","max-snippet":"max-snippet:-1","max-image-preview":"max-image-preview:large","max-video-preview":"max-video-preview:-1"},"canonical":"https:\/\/www.villemipubid.ee\/sweet-rosie\/menuu\/soogid-uus\/","og_locale":"et_EE","og_type":"article","og_title":"S\u00f6\u00f6gid - Sweet Rosie","og_description":"Suupisted \u00d5lles\u00f5prade suupistevaagen (kanatiivad, ribi, k\u00fc\u00fcslaugul., pelmeenid, juustupallid) 19,50 K\u00fcpsetatud kanatiivad kahe kastmega 5,90 K\u00fcpsetatud lihak\u00f5rned k\u00fc\u00fcsalugukastmega 5,90 Sibular\u00f5ngad \u00f5lletaignas 5,90 R\u00f6\u00f6vliribid BBQ &#8211; glasuuris terava kastmega 6,70 K\u00fcpsetatud pelmeenid kr\u00f5beda sibula, juustu ja tillikastmega 5,90 K\u00fcpsetatud tiigerkrevetid v\u00fcrtsikas t\u0161illi ...","og_url":"https:\/\/www.villemipubid.ee\/sweet-rosie\/menuu\/soogid-uus\/","og_site_name":"Sweet Rosie","article_modified_time":"2026-02-02T08:28:35+00:00","og_image":[{"width":1600,"height":936,"url":"http:\/\/www.villemipubid.ee\/sweet-rosie\/wp-content\/uploads\/sites\/7\/2015\/05\/monusvillem.jpg","type":"image\/jpeg"}],"twitter_card":"summary","twitter_misc":{"Est. reading time":"2 minutit"},"schema":{"@context":"https:\/\/schema.org","@graph":[{"@type":"WebSite","@id":"https:\/\/www.villemipubid.ee\/sweet-rosie\/#website","url":"https:\/\/www.villemipubid.ee\/sweet-rosie\/","name":"Sweet Rosie","description":"","potentialAction":[{"@type":"SearchAction","target":{"@type":"EntryPoint","urlTemplate":"https:\/\/www.villemipubid.ee\/sweet-rosie\/?s={search_term_string}"},"query-input":"required name=search_term_string"}],"inLanguage":"et"},{"@type":"ImageObject","@id":"https:\/\/www.villemipubid.ee\/sweet-rosie\/menuu\/soogid-uus\/#primaryimage","inLanguage":"et","url":"https:\/\/www.villemipubid.ee\/sweet-rosie\/wp-content\/uploads\/sites\/7\/2015\/05\/monusvillem.jpg","contentUrl":"https:\/\/www.villemipubid.ee\/sweet-rosie\/wp-content\/uploads\/sites\/7\/2015\/05\/monusvillem.jpg","width":1600,"height":936},{"@type":"WebPage","@id":"https:\/\/www.villemipubid.ee\/sweet-rosie\/menuu\/soogid-uus\/#webpage","url":"https:\/\/www.villemipubid.ee\/sweet-rosie\/menuu\/soogid-uus\/","name":"S\u00f6\u00f6gid - Sweet Rosie","isPartOf":{"@id":"https:\/\/www.villemipubid.ee\/sweet-rosie\/#website"},"primaryImageOfPage":{"@id":"https:\/\/www.villemipubid.ee\/sweet-rosie\/menuu\/soogid-uus\/#primaryimage"},"datePublished":"2015-08-24T10:48:37+00:00","dateModified":"2026-02-02T08:28:35+00:00","breadcrumb":{"@id":"https:\/\/www.villemipubid.ee\/sweet-rosie\/menuu\/soogid-uus\/#breadcrumb"},"inLanguage":"et","potentialAction":[{"@type":"ReadAction","target":["https:\/\/www.villemipubid.ee\/sweet-rosie\/menuu\/soogid-uus\/"]}]},{"@type":"BreadcrumbList","@id":"https:\/\/www.villemipubid.ee\/sweet-rosie\/menuu\/soogid-uus\/#breadcrumb","itemListElement":[{"@type":"ListItem","position":1,"name":"Home","item":"https:\/\/www.villemipubid.ee\/sweet-rosie\/"},{"@type":"ListItem","position":2,"name":"Men\u00fc\u00fc","item":"https:\/\/www.villemipubid.ee\/sweet-rosie\/menuu\/"},{"@type":"ListItem","position":3,"name":"S\u00f6\u00f6gid"}]}]}},"_links":{"self":[{"href":"https:\/\/www.villemipubid.ee\/sweet-rosie\/wp-json\/wp\/v2\/pages\/335"}],"collection":[{"href":"https:\/\/www.villemipubid.ee\/sweet-rosie\/wp-json\/wp\/v2\/pages"}],"about":[{"href":"https:\/\/www.villemipubid.ee\/sweet-rosie\/wp-json\/wp\/v2\/types\/page"}],"author":[{"embeddable":true,"href":"https:\/\/www.villemipubid.ee\/sweet-rosie\/wp-json\/wp\/v2\/users\/1"}],"replies":[{"embeddable":true,"href":"https:\/\/www.villemipubid.ee\/sweet-rosie\/wp-json\/wp\/v2\/comments?post=335"}],"version-history":[{"count":229,"href":"https:\/\/www.villemipubid.ee\/sweet-rosie\/wp-json\/wp\/v2\/pages\/335\/revisions"}],"predecessor-version":[{"id":2696,"href":"https:\/\/www.villemipubid.ee\/sweet-rosie\/wp-json\/wp\/v2\/pages\/335\/revisions\/2696"}],"up":[{"embeddable":true,"href":"https:\/\/www.villemipubid.ee\/sweet-rosie\/wp-json\/wp\/v2\/pages\/11"}],"wp:featuredmedia":[{"embeddable":true,"href":"https:\/\/www.villemipubid.ee\/sweet-rosie\/wp-json\/wp\/v2\/media\/37"}],"wp:attachment":[{"href":"https:\/\/www.villemipubid.ee\/sweet-rosie\/wp-json\/wp\/v2\/media?parent=335"}],"curies":[{"name":"wp","href":"https:\/\/api.w.org\/{rel}","templated":true}]}}