{"id":31,"date":"2015-05-28T13:03:55","date_gmt":"2015-05-28T10:03:55","guid":{"rendered":"http:\/\/www.villemipubid.ee\/monus-villem\/?page_id=31"},"modified":"2024-03-19T16:07:45","modified_gmt":"2024-03-19T14:07:45","slug":"interjoor","status":"publish","type":"page","link":"https:\/\/www.villemipubid.ee\/monus-villem\/pildid\/interjoor\/","title":{"rendered":"Interj\u00f6\u00f6r"},"content":{"rendered":"<h2>M\u00f6nus Villem<\/h2>\n\n\t\t<style type=\"text\/css\">\n\t\t\t#gallery-1 {\n\t\t\t\tmargin: auto;\n\t\t\t}\n\t\t\t#gallery-1 .gallery-item {\n\t\t\t\tfloat: left;\n\t\t\t\tmargin-top: 10px;\n\t\t\t\ttext-align: center;\n\t\t\t\twidth: 33%;\n\t\t\t}\n\t\t\t#gallery-1 img {\n\t\t\t\tborder: 2px solid #cfcfcf;\n\t\t\t}\n\t\t\t#gallery-1 .gallery-caption {\n\t\t\t\tmargin-left: 0;\n\t\t\t}\n\t\t\t\/* see gallery_shortcode() in wp-includes\/media.php *\/\n\t\t<\/style>\n\t\t<div id='gallery-1' class='gallery galleryid-31 gallery-columns-3 gallery-size-new_gallery_thumbnail'><dl class='gallery-item'>\n\t\t\t<dt class='gallery-icon landscape'>\n\t\t\t\t<a href='https:\/\/www.villemipubid.ee\/monus-villem\/wp-content\/uploads\/sites\/6\/2015\/05\/pilt1.jpg'><img width=\"370\" height=\"240\" src=\"https:\/\/www.villemipubid.ee\/monus-villem\/wp-content\/uploads\/sites\/6\/2015\/05\/pilt1-370x240.jpg\" class=\"attachment-new_gallery_thumbnail size-new_gallery_thumbnail\" alt=\"\" loading=\"lazy\" srcset=\"https:\/\/www.villemipubid.ee\/monus-villem\/wp-content\/uploads\/sites\/6\/2015\/05\/pilt1-370x240.jpg 370w, https:\/\/www.villemipubid.ee\/monus-villem\/wp-content\/uploads\/sites\/6\/2015\/05\/pilt1-740x480.jpg 740w\" sizes=\"(max-width: 370px) 100vw, 370px\" \/><\/a>\n\t\t\t<\/dt><\/dl><dl class='gallery-item'>\n\t\t\t<dt class='gallery-icon landscape'>\n\t\t\t\t<a href='https:\/\/www.villemipubid.ee\/monus-villem\/wp-content\/uploads\/sites\/6\/2015\/05\/pilt2.jpg'><img width=\"370\" height=\"240\" src=\"https:\/\/www.villemipubid.ee\/monus-villem\/wp-content\/uploads\/sites\/6\/2015\/05\/pilt2-370x240.jpg\" class=\"attachment-new_gallery_thumbnail size-new_gallery_thumbnail\" alt=\"\" loading=\"lazy\" srcset=\"https:\/\/www.villemipubid.ee\/monus-villem\/wp-content\/uploads\/sites\/6\/2015\/05\/pilt2-370x240.jpg 370w, https:\/\/www.villemipubid.ee\/monus-villem\/wp-content\/uploads\/sites\/6\/2015\/05\/pilt2-740x480.jpg 740w\" sizes=\"(max-width: 370px) 100vw, 370px\" \/><\/a>\n\t\t\t<\/dt><\/dl><dl class='gallery-item'>\n\t\t\t<dt class='gallery-icon landscape'>\n\t\t\t\t<a href='https:\/\/www.villemipubid.ee\/monus-villem\/wp-content\/uploads\/sites\/6\/2015\/05\/pilt4.jpg'><img width=\"370\" height=\"240\" src=\"https:\/\/www.villemipubid.ee\/monus-villem\/wp-content\/uploads\/sites\/6\/2015\/05\/pilt4-370x240.jpg\" class=\"attachment-new_gallery_thumbnail size-new_gallery_thumbnail\" alt=\"\" loading=\"lazy\" srcset=\"https:\/\/www.villemipubid.ee\/monus-villem\/wp-content\/uploads\/sites\/6\/2015\/05\/pilt4-370x240.jpg 370w, https:\/\/www.villemipubid.ee\/monus-villem\/wp-content\/uploads\/sites\/6\/2015\/05\/pilt4-740x480.jpg 740w\" sizes=\"(max-width: 370px) 100vw, 370px\" \/><\/a>\n\t\t\t<\/dt><\/dl><br style=\"clear: both\" \/><dl class='gallery-item'>\n\t\t\t<dt class='gallery-icon landscape'>\n\t\t\t\t<a href='https:\/\/www.villemipubid.ee\/monus-villem\/wp-content\/uploads\/sites\/6\/2015\/05\/pilt3.jpg'><img width=\"370\" height=\"240\" src=\"https:\/\/www.villemipubid.ee\/monus-villem\/wp-content\/uploads\/sites\/6\/2015\/05\/pilt3-370x240.jpg\" class=\"attachment-new_gallery_thumbnail size-new_gallery_thumbnail\" alt=\"\" loading=\"lazy\" srcset=\"https:\/\/www.villemipubid.ee\/monus-villem\/wp-content\/uploads\/sites\/6\/2015\/05\/pilt3-370x240.jpg 370w, https:\/\/www.villemipubid.ee\/monus-villem\/wp-content\/uploads\/sites\/6\/2015\/05\/pilt3-740x480.jpg 740w\" sizes=\"(max-width: 370px) 100vw, 370px\" \/><\/a>\n\t\t\t<\/dt><\/dl><dl class='gallery-item'>\n\t\t\t<dt class='gallery-icon landscape'>\n\t\t\t\t<a href='https:\/\/www.villemipubid.ee\/monus-villem\/wp-content\/uploads\/sites\/6\/2015\/05\/Terrass.jpg'><img width=\"370\" height=\"240\" src=\"https:\/\/www.villemipubid.ee\/monus-villem\/wp-content\/uploads\/sites\/6\/2015\/05\/Terrass-370x240.jpg\" class=\"attachment-new_gallery_thumbnail size-new_gallery_thumbnail\" alt=\"\" loading=\"lazy\" srcset=\"https:\/\/www.villemipubid.ee\/monus-villem\/wp-content\/uploads\/sites\/6\/2015\/05\/Terrass-370x240.jpg 370w, https:\/\/www.villemipubid.ee\/monus-villem\/wp-content\/uploads\/sites\/6\/2015\/05\/Terrass-740x480.jpg 740w\" sizes=\"(max-width: 370px) 100vw, 370px\" \/><\/a>\n\t\t\t<\/dt><\/dl><dl class='gallery-item'>\n\t\t\t<dt class='gallery-icon portrait'>\n\t\t\t\t<a href='https:\/\/www.villemipubid.ee\/monus-villem\/wp-content\/uploads\/sites\/6\/2015\/05\/M\u00f6nus-Villem-019-wm.jpg'><img width=\"370\" height=\"240\" src=\"https:\/\/www.villemipubid.ee\/monus-villem\/wp-content\/uploads\/sites\/6\/2015\/05\/M\u00f6nus-Villem-019-wm-370x240.jpg\" class=\"attachment-new_gallery_thumbnail size-new_gallery_thumbnail\" alt=\"\" loading=\"lazy\" srcset=\"https:\/\/www.villemipubid.ee\/monus-villem\/wp-content\/uploads\/sites\/6\/2015\/05\/M\u00f6nus-Villem-019-wm-370x240.jpg 370w, https:\/\/www.villemipubid.ee\/monus-villem\/wp-content\/uploads\/sites\/6\/2015\/05\/M\u00f6nus-Villem-019-wm-740x480.jpg 740w\" sizes=\"(max-width: 370px) 100vw, 370px\" \/><\/a>\n\t\t\t<\/dt><\/dl><br style=\"clear: both\" \/><dl class='gallery-item'>\n\t\t\t<dt class='gallery-icon landscape'>\n\t\t\t\t<a href='https:\/\/www.villemipubid.ee\/monus-villem\/wp-content\/uploads\/sites\/6\/2015\/05\/M\u00f6nus-Villem-018-wm.jpg'><img width=\"370\" height=\"240\" src=\"https:\/\/www.villemipubid.ee\/monus-villem\/wp-content\/uploads\/sites\/6\/2015\/05\/M\u00f6nus-Villem-018-wm-370x240.jpg\" class=\"attachment-new_gallery_thumbnail size-new_gallery_thumbnail\" alt=\"\" loading=\"lazy\" srcset=\"https:\/\/www.villemipubid.ee\/monus-villem\/wp-content\/uploads\/sites\/6\/2015\/05\/M\u00f6nus-Villem-018-wm-370x240.jpg 370w, https:\/\/www.villemipubid.ee\/monus-villem\/wp-content\/uploads\/sites\/6\/2015\/05\/M\u00f6nus-Villem-018-wm-740x480.jpg 740w\" sizes=\"(max-width: 370px) 100vw, 370px\" \/><\/a>\n\t\t\t<\/dt><\/dl><dl class='gallery-item'>\n\t\t\t<dt class='gallery-icon portrait'>\n\t\t\t\t<a href='https:\/\/www.villemipubid.ee\/monus-villem\/wp-content\/uploads\/sites\/6\/2015\/05\/M\u00f6nus-Villem-017-wm.jpg'><img width=\"370\" height=\"240\" src=\"https:\/\/www.villemipubid.ee\/monus-villem\/wp-content\/uploads\/sites\/6\/2015\/05\/M\u00f6nus-Villem-017-wm-370x240.jpg\" class=\"attachment-new_gallery_thumbnail size-new_gallery_thumbnail\" alt=\"\" loading=\"lazy\" srcset=\"https:\/\/www.villemipubid.ee\/monus-villem\/wp-content\/uploads\/sites\/6\/2015\/05\/M\u00f6nus-Villem-017-wm-370x240.jpg 370w, https:\/\/www.villemipubid.ee\/monus-villem\/wp-content\/uploads\/sites\/6\/2015\/05\/M\u00f6nus-Villem-017-wm-740x480.jpg 740w\" sizes=\"(max-width: 370px) 100vw, 370px\" \/><\/a>\n\t\t\t<\/dt><\/dl><dl class='gallery-item'>\n\t\t\t<dt class='gallery-icon landscape'>\n\t\t\t\t<a href='https:\/\/www.villemipubid.ee\/monus-villem\/wp-content\/uploads\/sites\/6\/2015\/05\/IMG_0240-Small.jpg'><img width=\"370\" height=\"240\" src=\"https:\/\/www.villemipubid.ee\/monus-villem\/wp-content\/uploads\/sites\/6\/2015\/05\/IMG_0240-Small-370x240.jpg\" class=\"attachment-new_gallery_thumbnail size-new_gallery_thumbnail\" alt=\"\" loading=\"lazy\" \/><\/a>\n\t\t\t<\/dt><\/dl><br style=\"clear: both\" \/><dl class='gallery-item'>\n\t\t\t<dt class='gallery-icon portrait'>\n\t\t\t\t<a href='https:\/\/www.villemipubid.ee\/monus-villem\/wp-content\/uploads\/sites\/6\/2015\/05\/M\u00f6nus-Villem-016-wm.jpg'><img width=\"370\" height=\"240\" src=\"https:\/\/www.villemipubid.ee\/monus-villem\/wp-content\/uploads\/sites\/6\/2015\/05\/M\u00f6nus-Villem-016-wm-370x240.jpg\" class=\"attachment-new_gallery_thumbnail size-new_gallery_thumbnail\" alt=\"\" loading=\"lazy\" srcset=\"https:\/\/www.villemipubid.ee\/monus-villem\/wp-content\/uploads\/sites\/6\/2015\/05\/M\u00f6nus-Villem-016-wm-370x240.jpg 370w, https:\/\/www.villemipubid.ee\/monus-villem\/wp-content\/uploads\/sites\/6\/2015\/05\/M\u00f6nus-Villem-016-wm-740x480.jpg 740w\" sizes=\"(max-width: 370px) 100vw, 370px\" \/><\/a>\n\t\t\t<\/dt><\/dl><dl class='gallery-item'>\n\t\t\t<dt class='gallery-icon landscape'>\n\t\t\t\t<a href='https:\/\/www.villemipubid.ee\/monus-villem\/wp-content\/uploads\/sites\/6\/2015\/05\/M\u00f6nus-Villem-009-wm.jpg'><img width=\"370\" height=\"240\" src=\"https:\/\/www.villemipubid.ee\/monus-villem\/wp-content\/uploads\/sites\/6\/2015\/05\/M\u00f6nus-Villem-009-wm-370x240.jpg\" class=\"attachment-new_gallery_thumbnail size-new_gallery_thumbnail\" alt=\"\" loading=\"lazy\" srcset=\"https:\/\/www.villemipubid.ee\/monus-villem\/wp-content\/uploads\/sites\/6\/2015\/05\/M\u00f6nus-Villem-009-wm-370x240.jpg 370w, https:\/\/www.villemipubid.ee\/monus-villem\/wp-content\/uploads\/sites\/6\/2015\/05\/M\u00f6nus-Villem-009-wm-740x480.jpg 740w\" sizes=\"(max-width: 370px) 100vw, 370px\" \/><\/a>\n\t\t\t<\/dt><\/dl><dl class='gallery-item'>\n\t\t\t<dt class='gallery-icon landscape'>\n\t\t\t\t<a href='https:\/\/www.villemipubid.ee\/monus-villem\/wp-content\/uploads\/sites\/6\/2015\/05\/M\u00f6nus-Villem-010-wm.jpg'><img width=\"370\" height=\"240\" src=\"https:\/\/www.villemipubid.ee\/monus-villem\/wp-content\/uploads\/sites\/6\/2015\/05\/M\u00f6nus-Villem-010-wm-370x240.jpg\" class=\"attachment-new_gallery_thumbnail size-new_gallery_thumbnail\" alt=\"\" loading=\"lazy\" srcset=\"https:\/\/www.villemipubid.ee\/monus-villem\/wp-content\/uploads\/sites\/6\/2015\/05\/M\u00f6nus-Villem-010-wm-370x240.jpg 370w, https:\/\/www.villemipubid.ee\/monus-villem\/wp-content\/uploads\/sites\/6\/2015\/05\/M\u00f6nus-Villem-010-wm-740x480.jpg 740w\" sizes=\"(max-width: 370px) 100vw, 370px\" \/><\/a>\n\t\t\t<\/dt><\/dl><br style=\"clear: both\" \/><dl class='gallery-item'>\n\t\t\t<dt class='gallery-icon landscape'>\n\t\t\t\t<a href='https:\/\/www.villemipubid.ee\/monus-villem\/wp-content\/uploads\/sites\/6\/2015\/05\/M\u00f6nus-Villem-012-wm.jpg'><img width=\"370\" height=\"240\" src=\"https:\/\/www.villemipubid.ee\/monus-villem\/wp-content\/uploads\/sites\/6\/2015\/05\/M\u00f6nus-Villem-012-wm-370x240.jpg\" class=\"attachment-new_gallery_thumbnail size-new_gallery_thumbnail\" alt=\"\" loading=\"lazy\" srcset=\"https:\/\/www.villemipubid.ee\/monus-villem\/wp-content\/uploads\/sites\/6\/2015\/05\/M\u00f6nus-Villem-012-wm-370x240.jpg 370w, https:\/\/www.villemipubid.ee\/monus-villem\/wp-content\/uploads\/sites\/6\/2015\/05\/M\u00f6nus-Villem-012-wm-740x480.jpg 740w\" sizes=\"(max-width: 370px) 100vw, 370px\" \/><\/a>\n\t\t\t<\/dt><\/dl><dl class='gallery-item'>\n\t\t\t<dt class='gallery-icon landscape'>\n\t\t\t\t<a href='https:\/\/www.villemipubid.ee\/monus-villem\/wp-content\/uploads\/sites\/6\/2015\/05\/M\u00f6nus-Villem-013-wm.jpg'><img width=\"370\" height=\"240\" src=\"https:\/\/www.villemipubid.ee\/monus-villem\/wp-content\/uploads\/sites\/6\/2015\/05\/M\u00f6nus-Villem-013-wm-370x240.jpg\" class=\"attachment-new_gallery_thumbnail size-new_gallery_thumbnail\" alt=\"\" loading=\"lazy\" srcset=\"https:\/\/www.villemipubid.ee\/monus-villem\/wp-content\/uploads\/sites\/6\/2015\/05\/M\u00f6nus-Villem-013-wm-370x240.jpg 370w, https:\/\/www.villemipubid.ee\/monus-villem\/wp-content\/uploads\/sites\/6\/2015\/05\/M\u00f6nus-Villem-013-wm-740x480.jpg 740w\" sizes=\"(max-width: 370px) 100vw, 370px\" \/><\/a>\n\t\t\t<\/dt><\/dl><dl class='gallery-item'>\n\t\t\t<dt class='gallery-icon landscape'>\n\t\t\t\t<a href='https:\/\/www.villemipubid.ee\/monus-villem\/wp-content\/uploads\/sites\/6\/2015\/05\/M\u00f6nus-Villem-008-wm.jpg'><img width=\"370\" height=\"240\" src=\"https:\/\/www.villemipubid.ee\/monus-villem\/wp-content\/uploads\/sites\/6\/2015\/05\/M\u00f6nus-Villem-008-wm-370x240.jpg\" class=\"attachment-new_gallery_thumbnail size-new_gallery_thumbnail\" alt=\"\" loading=\"lazy\" srcset=\"https:\/\/www.villemipubid.ee\/monus-villem\/wp-content\/uploads\/sites\/6\/2015\/05\/M\u00f6nus-Villem-008-wm-370x240.jpg 370w, https:\/\/www.villemipubid.ee\/monus-villem\/wp-content\/uploads\/sites\/6\/2015\/05\/M\u00f6nus-Villem-008-wm-740x480.jpg 740w\" sizes=\"(max-width: 370px) 100vw, 370px\" \/><\/a>\n\t\t\t<\/dt><\/dl><br style=\"clear: both\" \/><dl class='gallery-item'>\n\t\t\t<dt class='gallery-icon portrait'>\n\t\t\t\t<a href='https:\/\/www.villemipubid.ee\/monus-villem\/wp-content\/uploads\/sites\/6\/2015\/05\/M\u00f6nus-Villem-007-wm.jpg'><img width=\"370\" height=\"240\" src=\"https:\/\/www.villemipubid.ee\/monus-villem\/wp-content\/uploads\/sites\/6\/2015\/05\/M\u00f6nus-Villem-007-wm-370x240.jpg\" class=\"attachment-new_gallery_thumbnail size-new_gallery_thumbnail\" alt=\"\" loading=\"lazy\" srcset=\"https:\/\/www.villemipubid.ee\/monus-villem\/wp-content\/uploads\/sites\/6\/2015\/05\/M\u00f6nus-Villem-007-wm-370x240.jpg 370w, https:\/\/www.villemipubid.ee\/monus-villem\/wp-content\/uploads\/sites\/6\/2015\/05\/M\u00f6nus-Villem-007-wm-740x480.jpg 740w\" sizes=\"(max-width: 370px) 100vw, 370px\" \/><\/a>\n\t\t\t<\/dt><\/dl><dl class='gallery-item'>\n\t\t\t<dt class='gallery-icon landscape'>\n\t\t\t\t<a href='https:\/\/www.villemipubid.ee\/monus-villem\/wp-content\/uploads\/sites\/6\/2015\/05\/M\u00f6nus-Villem-005-wm.jpg'><img width=\"370\" height=\"240\" src=\"https:\/\/www.villemipubid.ee\/monus-villem\/wp-content\/uploads\/sites\/6\/2015\/05\/M\u00f6nus-Villem-005-wm-370x240.jpg\" class=\"attachment-new_gallery_thumbnail size-new_gallery_thumbnail\" alt=\"\" loading=\"lazy\" srcset=\"https:\/\/www.villemipubid.ee\/monus-villem\/wp-content\/uploads\/sites\/6\/2015\/05\/M\u00f6nus-Villem-005-wm-370x240.jpg 370w, https:\/\/www.villemipubid.ee\/monus-villem\/wp-content\/uploads\/sites\/6\/2015\/05\/M\u00f6nus-Villem-005-wm-150x96.jpg 150w, https:\/\/www.villemipubid.ee\/monus-villem\/wp-content\/uploads\/sites\/6\/2015\/05\/M\u00f6nus-Villem-005-wm-740x480.jpg 740w\" sizes=\"(max-width: 370px) 100vw, 370px\" \/><\/a>\n\t\t\t<\/dt><\/dl><dl class='gallery-item'>\n\t\t\t<dt class='gallery-icon portrait'>\n\t\t\t\t<a href='https:\/\/www.villemipubid.ee\/monus-villem\/wp-content\/uploads\/sites\/6\/2015\/05\/M\u00f6nus-Villem-014-wm.jpg'><img width=\"370\" height=\"240\" src=\"https:\/\/www.villemipubid.ee\/monus-villem\/wp-content\/uploads\/sites\/6\/2015\/05\/M\u00f6nus-Villem-014-wm-370x240.jpg\" class=\"attachment-new_gallery_thumbnail size-new_gallery_thumbnail\" alt=\"\" loading=\"lazy\" srcset=\"https:\/\/www.villemipubid.ee\/monus-villem\/wp-content\/uploads\/sites\/6\/2015\/05\/M\u00f6nus-Villem-014-wm-370x240.jpg 370w, https:\/\/www.villemipubid.ee\/monus-villem\/wp-content\/uploads\/sites\/6\/2015\/05\/M\u00f6nus-Villem-014-wm-740x480.jpg 740w\" sizes=\"(max-width: 370px) 100vw, 370px\" \/><\/a>\n\t\t\t<\/dt><\/dl><br style=\"clear: both\" \/><dl class='gallery-item'>\n\t\t\t<dt class='gallery-icon landscape'>\n\t\t\t\t<a href='https:\/\/www.villemipubid.ee\/monus-villem\/wp-content\/uploads\/sites\/6\/2015\/05\/M\u00f6nus-Villem-003-wm.jpg'><img width=\"370\" height=\"240\" src=\"https:\/\/www.villemipubid.ee\/monus-villem\/wp-content\/uploads\/sites\/6\/2015\/05\/M\u00f6nus-Villem-003-wm-370x240.jpg\" class=\"attachment-new_gallery_thumbnail size-new_gallery_thumbnail\" alt=\"\" loading=\"lazy\" srcset=\"https:\/\/www.villemipubid.ee\/monus-villem\/wp-content\/uploads\/sites\/6\/2015\/05\/M\u00f6nus-Villem-003-wm-370x240.jpg 370w, https:\/\/www.villemipubid.ee\/monus-villem\/wp-content\/uploads\/sites\/6\/2015\/05\/M\u00f6nus-Villem-003-wm-740x480.jpg 740w\" sizes=\"(max-width: 370px) 100vw, 370px\" \/><\/a>\n\t\t\t<\/dt><\/dl><dl class='gallery-item'>\n\t\t\t<dt class='gallery-icon landscape'>\n\t\t\t\t<a href='https:\/\/www.villemipubid.ee\/monus-villem\/wp-content\/uploads\/sites\/6\/2015\/05\/M\u00f6nus-Villem-002-wm.jpg'><img width=\"370\" height=\"240\" src=\"https:\/\/www.villemipubid.ee\/monus-villem\/wp-content\/uploads\/sites\/6\/2015\/05\/M\u00f6nus-Villem-002-wm-370x240.jpg\" class=\"attachment-new_gallery_thumbnail size-new_gallery_thumbnail\" alt=\"\" loading=\"lazy\" srcset=\"https:\/\/www.villemipubid.ee\/monus-villem\/wp-content\/uploads\/sites\/6\/2015\/05\/M\u00f6nus-Villem-002-wm-370x240.jpg 370w, https:\/\/www.villemipubid.ee\/monus-villem\/wp-content\/uploads\/sites\/6\/2015\/05\/M\u00f6nus-Villem-002-wm-150x96.jpg 150w, https:\/\/www.villemipubid.ee\/monus-villem\/wp-content\/uploads\/sites\/6\/2015\/05\/M\u00f6nus-Villem-002-wm-740x480.jpg 740w\" sizes=\"(max-width: 370px) 100vw, 370px\" \/><\/a>\n\t\t\t<\/dt><\/dl><dl class='gallery-item'>\n\t\t\t<dt class='gallery-icon landscape'>\n\t\t\t\t<a href='https:\/\/www.villemipubid.ee\/monus-villem\/wp-content\/uploads\/sites\/6\/2015\/05\/monusvillem.jpg'><img width=\"370\" height=\"240\" src=\"https:\/\/www.villemipubid.ee\/monus-villem\/wp-content\/uploads\/sites\/6\/2015\/05\/monusvillem-370x240.jpg\" class=\"attachment-new_gallery_thumbnail size-new_gallery_thumbnail\" alt=\"\" loading=\"lazy\" srcset=\"https:\/\/www.villemipubid.ee\/monus-villem\/wp-content\/uploads\/sites\/6\/2015\/05\/monusvillem-370x240.jpg 370w, https:\/\/www.villemipubid.ee\/monus-villem\/wp-content\/uploads\/sites\/6\/2015\/05\/monusvillem-740x480.jpg 740w\" sizes=\"(max-width: 370px) 100vw, 370px\" \/><\/a>\n\t\t\t<\/dt><\/dl><br style=\"clear: both\" \/>\n\t\t<\/div>\n\n","protected":false},"excerpt":{"rendered":"<p>M\u00f6nus Villem<\/p>\n","protected":false},"author":1,"featured_media":1425,"parent":29,"menu_order":0,"comment_status":"closed","ping_status":"closed","template":"","meta":[],"yoast_head":"<!-- This site is optimized with the Yoast SEO plugin v18.3 - https:\/\/yoast.com\/wordpress\/plugins\/seo\/ -->\n<title>Interj\u00f6\u00f6r - M\u00f6nus Villem<\/title>\n<meta name=\"robots\" content=\"index, follow, max-snippet:-1, max-image-preview:large, max-video-preview:-1\" \/>\n<link rel=\"canonical\" href=\"https:\/\/www.villemipubid.ee\/monus-villem\/pildid\/interjoor\/\" \/>\n<meta property=\"og:locale\" content=\"et_EE\" \/>\n<meta property=\"og:type\" content=\"article\" \/>\n<meta property=\"og:title\" content=\"Interj\u00f6\u00f6r - M\u00f6nus Villem\" \/>\n<meta property=\"og:description\" content=\"M\u00f6nus Villem\" \/>\n<meta property=\"og:url\" content=\"https:\/\/www.villemipubid.ee\/monus-villem\/pildid\/interjoor\/\" \/>\n<meta property=\"og:site_name\" content=\"M\u00f6nus Villem\" \/>\n<meta property=\"article:modified_time\" content=\"2024-03-19T14:07:45+00:00\" \/>\n<meta property=\"og:image\" content=\"http:\/\/www.villemipubid.ee\/monus-villem\/wp-content\/uploads\/sites\/6\/2024\/03\/monusville_.jpg\" \/>\n\t<meta property=\"og:image:width\" content=\"1600\" \/>\n\t<meta property=\"og:image:height\" content=\"936\" \/>\n\t<meta property=\"og:image:type\" content=\"image\/jpeg\" \/>\n<meta name=\"twitter:card\" content=\"summary\" \/>\n<script type=\"application\/ld+json\" class=\"yoast-schema-graph\">{\"@context\":\"https:\/\/schema.org\",\"@graph\":[{\"@type\":\"WebSite\",\"@id\":\"https:\/\/www.villemipubid.ee\/monus-villem\/#website\",\"url\":\"https:\/\/www.villemipubid.ee\/monus-villem\/\",\"name\":\"M\u00f6nus Villem\",\"description\":\"\",\"potentialAction\":[{\"@type\":\"SearchAction\",\"target\":{\"@type\":\"EntryPoint\",\"urlTemplate\":\"https:\/\/www.villemipubid.ee\/monus-villem\/?s={search_term_string}\"},\"query-input\":\"required name=search_term_string\"}],\"inLanguage\":\"et\"},{\"@type\":\"ImageObject\",\"@id\":\"https:\/\/www.villemipubid.ee\/monus-villem\/pildid\/interjoor\/#primaryimage\",\"inLanguage\":\"et\",\"url\":\"https:\/\/www.villemipubid.ee\/monus-villem\/wp-content\/uploads\/sites\/6\/2024\/03\/monusville_.jpg\",\"contentUrl\":\"https:\/\/www.villemipubid.ee\/monus-villem\/wp-content\/uploads\/sites\/6\/2024\/03\/monusville_.jpg\",\"width\":1600,\"height\":936},{\"@type\":\"WebPage\",\"@id\":\"https:\/\/www.villemipubid.ee\/monus-villem\/pildid\/interjoor\/#webpage\",\"url\":\"https:\/\/www.villemipubid.ee\/monus-villem\/pildid\/interjoor\/\",\"name\":\"Interj\u00f6\u00f6r - M\u00f6nus Villem\",\"isPartOf\":{\"@id\":\"https:\/\/www.villemipubid.ee\/monus-villem\/#website\"},\"primaryImageOfPage\":{\"@id\":\"https:\/\/www.villemipubid.ee\/monus-villem\/pildid\/interjoor\/#primaryimage\"},\"datePublished\":\"2015-05-28T10:03:55+00:00\",\"dateModified\":\"2024-03-19T14:07:45+00:00\",\"breadcrumb\":{\"@id\":\"https:\/\/www.villemipubid.ee\/monus-villem\/pildid\/interjoor\/#breadcrumb\"},\"inLanguage\":\"et\",\"potentialAction\":[{\"@type\":\"ReadAction\",\"target\":[\"https:\/\/www.villemipubid.ee\/monus-villem\/pildid\/interjoor\/\"]}]},{\"@type\":\"BreadcrumbList\",\"@id\":\"https:\/\/www.villemipubid.ee\/monus-villem\/pildid\/interjoor\/#breadcrumb\",\"itemListElement\":[{\"@type\":\"ListItem\",\"position\":1,\"name\":\"Home\",\"item\":\"https:\/\/www.villemipubid.ee\/monus-villem\/\"},{\"@type\":\"ListItem\",\"position\":2,\"name\":\"Pildid\",\"item\":\"https:\/\/www.villemipubid.ee\/monus-villem\/pildid\/\"},{\"@type\":\"ListItem\",\"position\":3,\"name\":\"Interj\u00f6\u00f6r\"}]}]}<\/script>\n<!-- \/ Yoast SEO plugin. -->","yoast_head_json":{"title":"Interj\u00f6\u00f6r - M\u00f6nus Villem","robots":{"index":"index","follow":"follow","max-snippet":"max-snippet:-1","max-image-preview":"max-image-preview:large","max-video-preview":"max-video-preview:-1"},"canonical":"https:\/\/www.villemipubid.ee\/monus-villem\/pildid\/interjoor\/","og_locale":"et_EE","og_type":"article","og_title":"Interj\u00f6\u00f6r - M\u00f6nus Villem","og_description":"M\u00f6nus Villem","og_url":"https:\/\/www.villemipubid.ee\/monus-villem\/pildid\/interjoor\/","og_site_name":"M\u00f6nus Villem","article_modified_time":"2024-03-19T14:07:45+00:00","og_image":[{"width":1600,"height":936,"url":"http:\/\/www.villemipubid.ee\/monus-villem\/wp-content\/uploads\/sites\/6\/2024\/03\/monusville_.jpg","type":"image\/jpeg"}],"twitter_card":"summary","schema":{"@context":"https:\/\/schema.org","@graph":[{"@type":"WebSite","@id":"https:\/\/www.villemipubid.ee\/monus-villem\/#website","url":"https:\/\/www.villemipubid.ee\/monus-villem\/","name":"M\u00f6nus Villem","description":"","potentialAction":[{"@type":"SearchAction","target":{"@type":"EntryPoint","urlTemplate":"https:\/\/www.villemipubid.ee\/monus-villem\/?s={search_term_string}"},"query-input":"required name=search_term_string"}],"inLanguage":"et"},{"@type":"ImageObject","@id":"https:\/\/www.villemipubid.ee\/monus-villem\/pildid\/interjoor\/#primaryimage","inLanguage":"et","url":"https:\/\/www.villemipubid.ee\/monus-villem\/wp-content\/uploads\/sites\/6\/2024\/03\/monusville_.jpg","contentUrl":"https:\/\/www.villemipubid.ee\/monus-villem\/wp-content\/uploads\/sites\/6\/2024\/03\/monusville_.jpg","width":1600,"height":936},{"@type":"WebPage","@id":"https:\/\/www.villemipubid.ee\/monus-villem\/pildid\/interjoor\/#webpage","url":"https:\/\/www.villemipubid.ee\/monus-villem\/pildid\/interjoor\/","name":"Interj\u00f6\u00f6r - M\u00f6nus Villem","isPartOf":{"@id":"https:\/\/www.villemipubid.ee\/monus-villem\/#website"},"primaryImageOfPage":{"@id":"https:\/\/www.villemipubid.ee\/monus-villem\/pildid\/interjoor\/#primaryimage"},"datePublished":"2015-05-28T10:03:55+00:00","dateModified":"2024-03-19T14:07:45+00:00","breadcrumb":{"@id":"https:\/\/www.villemipubid.ee\/monus-villem\/pildid\/interjoor\/#breadcrumb"},"inLanguage":"et","potentialAction":[{"@type":"ReadAction","target":["https:\/\/www.villemipubid.ee\/monus-villem\/pildid\/interjoor\/"]}]},{"@type":"BreadcrumbList","@id":"https:\/\/www.villemipubid.ee\/monus-villem\/pildid\/interjoor\/#breadcrumb","itemListElement":[{"@type":"ListItem","position":1,"name":"Home","item":"https:\/\/www.villemipubid.ee\/monus-villem\/"},{"@type":"ListItem","position":2,"name":"Pildid","item":"https:\/\/www.villemipubid.ee\/monus-villem\/pildid\/"},{"@type":"ListItem","position":3,"name":"Interj\u00f6\u00f6r"}]}]}},"_links":{"self":[{"href":"https:\/\/www.villemipubid.ee\/monus-villem\/wp-json\/wp\/v2\/pages\/31"}],"collection":[{"href":"https:\/\/www.villemipubid.ee\/monus-villem\/wp-json\/wp\/v2\/pages"}],"about":[{"href":"https:\/\/www.villemipubid.ee\/monus-villem\/wp-json\/wp\/v2\/types\/page"}],"author":[{"embeddable":true,"href":"https:\/\/www.villemipubid.ee\/monus-villem\/wp-json\/wp\/v2\/users\/1"}],"replies":[{"embeddable":true,"href":"https:\/\/www.villemipubid.ee\/monus-villem\/wp-json\/wp\/v2\/comments?post=31"}],"version-history":[{"count":10,"href":"https:\/\/www.villemipubid.ee\/monus-villem\/wp-json\/wp\/v2\/pages\/31\/revisions"}],"predecessor-version":[{"id":443,"href":"https:\/\/www.villemipubid.ee\/monus-villem\/wp-json\/wp\/v2\/pages\/31\/revisions\/443"}],"up":[{"embeddable":true,"href":"https:\/\/www.villemipubid.ee\/monus-villem\/wp-json\/wp\/v2\/pages\/29"}],"wp:featuredmedia":[{"embeddable":true,"href":"https:\/\/www.villemipubid.ee\/monus-villem\/wp-json\/wp\/v2\/media\/1425"}],"wp:attachment":[{"href":"https:\/\/www.villemipubid.ee\/monus-villem\/wp-json\/wp\/v2\/media?parent=31"}],"curies":[{"name":"wp","href":"https:\/\/api.w.org\/{rel}","templated":true}]}}