{"id":381,"date":"2015-08-24T14:15:01","date_gmt":"2015-08-24T11:15:01","guid":{"rendered":"http:\/\/www.villemipubid.ee\/dubliner\/?page_id=381"},"modified":"2026-04-01T13:09:30","modified_gmt":"2026-04-01T10:09:30","slug":"eripakkumised","status":"publish","type":"page","link":"https:\/\/www.villemipubid.ee\/dubliner\/menuu\/eripakkumised\/","title":{"rendered":"Eripakkumised"},"content":{"rendered":"<h1>P\u00e4evapakkumised<\/h1>\n<table width=\"844\">\n<tbody>\n<tr>\n<td width=\"319\"><\/td>\n<td width=\"60\"><\/td>\n<td width=\"401\"><\/td>\n<td width=\"64\">.<\/td>\n<\/tr>\n<tr>\n<td>P\u00e4evapraad<\/td>\n<td>5.90\u20ac<\/td>\n<td>E-R, 12.00 &#8211; 15.00<\/td>\n<td>.<\/td>\n<\/tr>\n<tr>\n<td><\/td>\n<td><\/td>\n<td><\/td>\n<td><\/td>\n<\/tr>\n<\/tbody>\n<\/table>\n<h1>S\u00f6\u00f6gid: Aprillikuus soovitame<\/h1>\n<table width=\"844\">\n<tbody>\n<tr>\n<td style=\"width: 305px\">Kartuli-hakklihapallid<\/td>\n<td style=\"width: 62px\">5.70<\/td>\n<td style=\"width: 383px\"><\/td>\n<td style=\"width: 66px\"><\/td>\n<\/tr>\n<tr>\n<td style=\"width: 305px\">V\u00e4rske salat fetakijuustu ja orzoga<\/td>\n<td style=\"width: 62px\">7.00<\/td>\n<td style=\"width: 383px\"><\/td>\n<td style=\"width: 66px\"><\/td>\n<\/tr>\n<tr>\n<td style=\"width: 305px\">Kirsi-punaveinimarinaadis seakaelakarbonaad<\/td>\n<td style=\"width: 62px\">11.20<\/td>\n<td style=\"width: 383px\"><\/td>\n<td style=\"width: 66px\"><\/td>\n<\/tr>\n<tr>\n<td style=\"width: 305px\">Dublineri kr\u00e4supeakook musts\u00f5stramoosiga<\/td>\n<td style=\"width: 62px\">5.70<\/td>\n<td style=\"width: 383px\"><\/td>\n<td style=\"width: 66px\"><\/td>\n<\/tr>\n<\/tbody>\n<\/table>\n<h1>Joogid: Aprillikuus soovitame<\/h1>\n<table width=\"844\">\n<tbody>\n<tr>\n<td style=\"width: 305px\">Vana Villem Punane 5,3% Eesti 2&#215;0,5l<\/td>\n<td style=\"width: 62px\">8.50<\/td>\n<td style=\"width: 383px\"><\/td>\n<td style=\"width: 66px\"><\/td>\n<\/tr>\n<tr>\n<td style=\"width: 305px\">King Mule IPA 5,7% Belgia 0.5l<\/td>\n<td style=\"width: 62px\">6.40<\/td>\n<td style=\"width: 383px\"><\/td>\n<td style=\"width: 66px\"><\/td>\n<\/tr>\n<tr>\n<td style=\"width: 305px\">Aveleda Vinho Verde 9.5% Portugal 12cl<\/td>\n<td style=\"width: 62px\">3.40<\/td>\n<td style=\"width: 383px\"><\/td>\n<td style=\"width: 66px\"><\/td>\n<\/tr>\n<tr>\n<td style=\"width: 305px\">Buffalo Trace 4cl<\/td>\n<td style=\"width: 62px\">4.60<\/td>\n<td style=\"width: 383px\"><\/td>\n<td style=\"width: 66px\"><\/td>\n<\/tr>\n<tr>\n<td style=\"width: 305px\">Buffalo Trace &amp; Ginger Ale (6cl+toonik)<\/td>\n<td style=\"width: 62px\">8.70<\/td>\n<td style=\"width: 383px\"><\/td>\n<td style=\"width: 66px\"><\/td>\n<\/tr>\n<tr>\n<td style=\"width: 305px\"><\/td>\n<td style=\"width: 62px\"><\/td>\n<td style=\"width: 383px\"><\/td>\n<td style=\"width: 66px\"><\/td>\n<\/tr>\n<\/tbody>\n<\/table>\n<h1><\/h1>\n<p>&nbsp;<\/p>\n<table width=\"844\">\n<tbody>\n<tr>\n<td style=\"width: 305px\"><\/td>\n<td style=\"width: 62px\"><\/td>\n<td style=\"width: 383px\"><\/td>\n<td style=\"width: 66px\"><\/td>\n<\/tr>\n<tr>\n<td style=\"width: 305px\"><\/td>\n<td style=\"width: 62px\"><\/td>\n<td style=\"width: 383px\"><\/td>\n<td style=\"width: 66px\"><\/td>\n<\/tr>\n<tr>\n<td style=\"width: 305px\"><\/td>\n<td style=\"width: 62px\"><\/td>\n<td style=\"width: 383px\"><\/td>\n<td style=\"width: 66px\"><\/td>\n<\/tr>\n<tr>\n<td style=\"width: 305px\"><\/td>\n<td style=\"width: 62px\"><\/td>\n<td style=\"width: 383px\"><\/td>\n<td style=\"width: 66px\"><\/td>\n<\/tr>\n<tr>\n<td style=\"width: 305px\"><\/td>\n<td style=\"width: 62px\"><\/td>\n<td style=\"width: 383px\"><\/td>\n<td style=\"width: 66px\"><\/td>\n<\/tr>\n<tr>\n<td style=\"width: 305px\"><\/td>\n<td style=\"width: 62px\"><\/td>\n<td style=\"width: 383px\"><\/td>\n<td style=\"width: 66px\"><\/td>\n<\/tr>\n<tr>\n<td style=\"width: 305px\"><\/td>\n<td style=\"width: 62px\"><\/td>\n<td style=\"width: 383px\"><\/td>\n<td style=\"width: 66px\"><\/td>\n<\/tr>\n<tr>\n<td style=\"width: 305px\"><\/td>\n<td style=\"width: 62px\"><\/td>\n<td style=\"width: 383px\"><\/td>\n<td style=\"width: 66px\"><\/td>\n<\/tr>\n<tr>\n<td style=\"width: 305px\"><\/td>\n<td style=\"width: 62px\"><\/td>\n<td style=\"width: 383px\"><\/td>\n<td style=\"width: 66px\"><\/td>\n<\/tr>\n<\/tbody>\n<\/table>\n","protected":false},"excerpt":{"rendered":"<p>P\u00e4evapakkumised . P\u00e4evapraad 5.90\u20ac E-R, 12.00 &#8211; 15.00 . S\u00f6\u00f6gid: Aprillikuus soovitame Kartuli-hakklihapallid 5.70 V\u00e4rske salat fetakijuustu ja orzoga 7.00 Kirsi-punaveinimarinaadis seakaelakarbonaad 11.20 Dublineri kr\u00e4supeakook musts\u00f5stramoosiga 5.70 Joogid: Aprillikuus soovitame Vana Villem Punane 5,3% Eesti 2&#215;0,5l 8.50 King Mule IPA &#8230;<\/p>\n","protected":false},"author":1,"featured_media":3994,"parent":11,"menu_order":0,"comment_status":"closed","ping_status":"closed","template":"soogimenuu.php","meta":[],"yoast_head":"<!-- This site is optimized with the Yoast SEO plugin v18.3 - https:\/\/yoast.com\/wordpress\/plugins\/seo\/ -->\n<title>Eripakkumised - The Dubliner<\/title>\n<meta name=\"robots\" content=\"index, follow, max-snippet:-1, max-image-preview:large, max-video-preview:-1\" \/>\n<link rel=\"canonical\" href=\"https:\/\/www.villemipubid.ee\/dubliner\/menuu\/eripakkumised\/\" \/>\n<meta property=\"og:locale\" content=\"et_EE\" \/>\n<meta property=\"og:type\" content=\"article\" \/>\n<meta property=\"og:title\" content=\"Eripakkumised - The Dubliner\" \/>\n<meta property=\"og:description\" content=\"P\u00e4evapakkumised . P\u00e4evapraad 5.90\u20ac E-R, 12.00 &#8211; 15.00 . S\u00f6\u00f6gid: Aprillikuus soovitame Kartuli-hakklihapallid 5.70 V\u00e4rske salat fetakijuustu ja orzoga 7.00 Kirsi-punaveinimarinaadis seakaelakarbonaad 11.20 Dublineri kr\u00e4supeakook musts\u00f5stramoosiga 5.70 Joogid: Aprillikuus soovitame Vana Villem Punane 5,3% Eesti 2&#215;0,5l 8.50 King Mule IPA ...\" \/>\n<meta property=\"og:url\" content=\"https:\/\/www.villemipubid.ee\/dubliner\/menuu\/eripakkumised\/\" \/>\n<meta property=\"og:site_name\" content=\"The Dubliner\" \/>\n<meta property=\"article:modified_time\" content=\"2026-04-01T10:09:30+00:00\" \/>\n<meta property=\"og:image\" content=\"http:\/\/www.villemipubid.ee\/dubliner\/wp-content\/uploads\/sites\/8\/2015\/05\/dubliner_.jpg\" \/>\n\t<meta property=\"og:image:width\" content=\"1600\" \/>\n\t<meta property=\"og:image:height\" content=\"936\" \/>\n\t<meta property=\"og:image:type\" content=\"image\/jpeg\" \/>\n<meta name=\"twitter:card\" content=\"summary\" \/>\n<meta name=\"twitter:label1\" content=\"Est. reading time\" \/>\n\t<meta name=\"twitter:data1\" content=\"1 minut\" \/>\n<script type=\"application\/ld+json\" class=\"yoast-schema-graph\">{\"@context\":\"https:\/\/schema.org\",\"@graph\":[{\"@type\":\"WebSite\",\"@id\":\"https:\/\/www.villemipubid.ee\/dubliner\/#website\",\"url\":\"https:\/\/www.villemipubid.ee\/dubliner\/\",\"name\":\"The Dubliner\",\"description\":\"\",\"potentialAction\":[{\"@type\":\"SearchAction\",\"target\":{\"@type\":\"EntryPoint\",\"urlTemplate\":\"https:\/\/www.villemipubid.ee\/dubliner\/?s={search_term_string}\"},\"query-input\":\"required name=search_term_string\"}],\"inLanguage\":\"et\"},{\"@type\":\"ImageObject\",\"@id\":\"https:\/\/www.villemipubid.ee\/dubliner\/menuu\/eripakkumised\/#primaryimage\",\"inLanguage\":\"et\",\"url\":\"https:\/\/www.villemipubid.ee\/dubliner\/wp-content\/uploads\/sites\/8\/2015\/05\/dubliner_.jpg\",\"contentUrl\":\"https:\/\/www.villemipubid.ee\/dubliner\/wp-content\/uploads\/sites\/8\/2015\/05\/dubliner_.jpg\",\"width\":1600,\"height\":936},{\"@type\":\"WebPage\",\"@id\":\"https:\/\/www.villemipubid.ee\/dubliner\/menuu\/eripakkumised\/#webpage\",\"url\":\"https:\/\/www.villemipubid.ee\/dubliner\/menuu\/eripakkumised\/\",\"name\":\"Eripakkumised - The Dubliner\",\"isPartOf\":{\"@id\":\"https:\/\/www.villemipubid.ee\/dubliner\/#website\"},\"primaryImageOfPage\":{\"@id\":\"https:\/\/www.villemipubid.ee\/dubliner\/menuu\/eripakkumised\/#primaryimage\"},\"datePublished\":\"2015-08-24T11:15:01+00:00\",\"dateModified\":\"2026-04-01T10:09:30+00:00\",\"breadcrumb\":{\"@id\":\"https:\/\/www.villemipubid.ee\/dubliner\/menuu\/eripakkumised\/#breadcrumb\"},\"inLanguage\":\"et\",\"potentialAction\":[{\"@type\":\"ReadAction\",\"target\":[\"https:\/\/www.villemipubid.ee\/dubliner\/menuu\/eripakkumised\/\"]}]},{\"@type\":\"BreadcrumbList\",\"@id\":\"https:\/\/www.villemipubid.ee\/dubliner\/menuu\/eripakkumised\/#breadcrumb\",\"itemListElement\":[{\"@type\":\"ListItem\",\"position\":1,\"name\":\"Home\",\"item\":\"https:\/\/www.villemipubid.ee\/dubliner\/\"},{\"@type\":\"ListItem\",\"position\":2,\"name\":\"Men\u00fc\u00fc\",\"item\":\"https:\/\/www.villemipubid.ee\/dubliner\/menuu\/\"},{\"@type\":\"ListItem\",\"position\":3,\"name\":\"Eripakkumised\"}]}]}<\/script>\n<!-- \/ Yoast SEO plugin. -->","yoast_head_json":{"title":"Eripakkumised - The Dubliner","robots":{"index":"index","follow":"follow","max-snippet":"max-snippet:-1","max-image-preview":"max-image-preview:large","max-video-preview":"max-video-preview:-1"},"canonical":"https:\/\/www.villemipubid.ee\/dubliner\/menuu\/eripakkumised\/","og_locale":"et_EE","og_type":"article","og_title":"Eripakkumised - The Dubliner","og_description":"P\u00e4evapakkumised . P\u00e4evapraad 5.90\u20ac E-R, 12.00 &#8211; 15.00 . S\u00f6\u00f6gid: Aprillikuus soovitame Kartuli-hakklihapallid 5.70 V\u00e4rske salat fetakijuustu ja orzoga 7.00 Kirsi-punaveinimarinaadis seakaelakarbonaad 11.20 Dublineri kr\u00e4supeakook musts\u00f5stramoosiga 5.70 Joogid: Aprillikuus soovitame Vana Villem Punane 5,3% Eesti 2&#215;0,5l 8.50 King Mule IPA ...","og_url":"https:\/\/www.villemipubid.ee\/dubliner\/menuu\/eripakkumised\/","og_site_name":"The Dubliner","article_modified_time":"2026-04-01T10:09:30+00:00","og_image":[{"width":1600,"height":936,"url":"http:\/\/www.villemipubid.ee\/dubliner\/wp-content\/uploads\/sites\/8\/2015\/05\/dubliner_.jpg","type":"image\/jpeg"}],"twitter_card":"summary","twitter_misc":{"Est. reading time":"1 minut"},"schema":{"@context":"https:\/\/schema.org","@graph":[{"@type":"WebSite","@id":"https:\/\/www.villemipubid.ee\/dubliner\/#website","url":"https:\/\/www.villemipubid.ee\/dubliner\/","name":"The Dubliner","description":"","potentialAction":[{"@type":"SearchAction","target":{"@type":"EntryPoint","urlTemplate":"https:\/\/www.villemipubid.ee\/dubliner\/?s={search_term_string}"},"query-input":"required name=search_term_string"}],"inLanguage":"et"},{"@type":"ImageObject","@id":"https:\/\/www.villemipubid.ee\/dubliner\/menuu\/eripakkumised\/#primaryimage","inLanguage":"et","url":"https:\/\/www.villemipubid.ee\/dubliner\/wp-content\/uploads\/sites\/8\/2015\/05\/dubliner_.jpg","contentUrl":"https:\/\/www.villemipubid.ee\/dubliner\/wp-content\/uploads\/sites\/8\/2015\/05\/dubliner_.jpg","width":1600,"height":936},{"@type":"WebPage","@id":"https:\/\/www.villemipubid.ee\/dubliner\/menuu\/eripakkumised\/#webpage","url":"https:\/\/www.villemipubid.ee\/dubliner\/menuu\/eripakkumised\/","name":"Eripakkumised - The Dubliner","isPartOf":{"@id":"https:\/\/www.villemipubid.ee\/dubliner\/#website"},"primaryImageOfPage":{"@id":"https:\/\/www.villemipubid.ee\/dubliner\/menuu\/eripakkumised\/#primaryimage"},"datePublished":"2015-08-24T11:15:01+00:00","dateModified":"2026-04-01T10:09:30+00:00","breadcrumb":{"@id":"https:\/\/www.villemipubid.ee\/dubliner\/menuu\/eripakkumised\/#breadcrumb"},"inLanguage":"et","potentialAction":[{"@type":"ReadAction","target":["https:\/\/www.villemipubid.ee\/dubliner\/menuu\/eripakkumised\/"]}]},{"@type":"BreadcrumbList","@id":"https:\/\/www.villemipubid.ee\/dubliner\/menuu\/eripakkumised\/#breadcrumb","itemListElement":[{"@type":"ListItem","position":1,"name":"Home","item":"https:\/\/www.villemipubid.ee\/dubliner\/"},{"@type":"ListItem","position":2,"name":"Men\u00fc\u00fc","item":"https:\/\/www.villemipubid.ee\/dubliner\/menuu\/"},{"@type":"ListItem","position":3,"name":"Eripakkumised"}]}]}},"_links":{"self":[{"href":"https:\/\/www.villemipubid.ee\/dubliner\/wp-json\/wp\/v2\/pages\/381"}],"collection":[{"href":"https:\/\/www.villemipubid.ee\/dubliner\/wp-json\/wp\/v2\/pages"}],"about":[{"href":"https:\/\/www.villemipubid.ee\/dubliner\/wp-json\/wp\/v2\/types\/page"}],"author":[{"embeddable":true,"href":"https:\/\/www.villemipubid.ee\/dubliner\/wp-json\/wp\/v2\/users\/1"}],"replies":[{"embeddable":true,"href":"https:\/\/www.villemipubid.ee\/dubliner\/wp-json\/wp\/v2\/comments?post=381"}],"version-history":[{"count":470,"href":"https:\/\/www.villemipubid.ee\/dubliner\/wp-json\/wp\/v2\/pages\/381\/revisions"}],"predecessor-version":[{"id":4875,"href":"https:\/\/www.villemipubid.ee\/dubliner\/wp-json\/wp\/v2\/pages\/381\/revisions\/4875"}],"up":[{"embeddable":true,"href":"https:\/\/www.villemipubid.ee\/dubliner\/wp-json\/wp\/v2\/pages\/11"}],"wp:featuredmedia":[{"embeddable":true,"href":"https:\/\/www.villemipubid.ee\/dubliner\/wp-json\/wp\/v2\/media\/3994"}],"wp:attachment":[{"href":"https:\/\/www.villemipubid.ee\/dubliner\/wp-json\/wp\/v2\/media?parent=381"}],"curies":[{"name":"wp","href":"https:\/\/api.w.org\/{rel}","templated":true}]}}