{"id":326,"date":"2015-08-24T14:12:40","date_gmt":"2015-08-24T11:12:40","guid":{"rendered":"http:\/\/www.villemipubid.ee\/bayern\/?page_id=326"},"modified":"2026-04-01T13:19:54","modified_gmt":"2026-04-01T10:19:54","slug":"eripakkumised","status":"publish","type":"page","link":"https:\/\/www.villemipubid.ee\/bayern\/menuu\/eripakkumised\/","title":{"rendered":"Eripakkumised"},"content":{"rendered":"<h1><strong>P\u00e4evapakkumised<\/strong><\/h1>\n<h2>E-R: 11.00 &#8211; 15.00<\/h2>\n<table>\n<tbody>\n<tr>\n<td style=\"width: 94px\"><strong>P\u00e4evasupp\u00a0<\/strong><\/td>\n<td style=\"width: 36px\"><strong>3.70<\/strong><\/td>\n<\/tr>\n<tr>\n<td style=\"width: 94px\"><\/td>\n<td style=\"width: 36px\"><\/td>\n<\/tr>\n<tr>\n<td style=\"width: 94px\"><strong>P\u00e4evapraad<\/strong><\/td>\n<td style=\"width: 36px\"><strong>5.90<\/strong><\/td>\n<\/tr>\n<tr>\n<td style=\"width: 94px\"><\/td>\n<td style=\"width: 36px\"><\/td>\n<\/tr>\n<\/tbody>\n<\/table>\n<p>&nbsp;<\/p>\n<h1><strong>Kuupakkumised:Aprillikuus soovitame\u00a0<\/strong><\/h1>\n<table style=\"border-collapse: collapse;width: 723px;height: 100px\" border=\"1\">\n<tbody>\n<tr style=\"height: 24px\">\n<td style=\"width: 50%;height: 24px\">Corn Dog Cheddar juusuga<\/td>\n<td style=\"width: 50%;height: 24px\">6.10<\/td>\n<\/tr>\n<tr>\n<td style=\"width: 50%\">V\u00e4rskesalat fetakijuusu ja orzoga<\/td>\n<td style=\"width: 50%\">7.00<\/td>\n<\/tr>\n<tr style=\"height: 24px\">\n<td style=\"width: 50%;height: 24px\">Taignakoorikus hakkliha-paprikarull<\/td>\n<td style=\"width: 50%;height: 24px\">11.20<\/td>\n<\/tr>\n<tr>\n<td style=\"width: 50%\">M\u00fcnchneri kr\u00e4supeakook kirsimoosiga<\/td>\n<td style=\"width: 50%\">5.70<\/td>\n<\/tr>\n<tr style=\"height: 24px\">\n<td style=\"width: 50%;height: 24px\"><\/td>\n<td style=\"width: 50%;height: 24px\"><\/td>\n<\/tr>\n<\/tbody>\n<\/table>\n<p>&nbsp;<\/p>\n<h2><strong>Joogid: Aprillikuuskuus soovitame<\/strong><\/h2>\n<p>&nbsp;<\/p>\n<table style=\"border-collapse: collapse;width: 726px;height: 137px\" border=\"1\">\n<tbody>\n<tr style=\"height: 24px\">\n<td style=\"width: 50%;height: 24px\">Vana Villem Kuldne 2&#215;0,5l Eesti<\/td>\n<td style=\"width: 50%;height: 24px\">8.50<\/td>\n<\/tr>\n<tr style=\"height: 24px\">\n<td style=\"width: 50%;height: 24px\">Aveleda Vinho Verde 9,5% Portugal 12cl<\/td>\n<td style=\"width: 50%;height: 24px\">3.40<\/td>\n<\/tr>\n<tr style=\"height: 24px\">\n<td style=\"width: 50%;height: 23px\">Buffalo Trace 4cl<\/td>\n<td style=\"width: 50%;height: 23px\">4.60<\/td>\n<\/tr>\n<tr style=\"height: 24px\">\n<td style=\"width: 50%;height: 24px\">Buffalo Trace &amp; Ginger Ale (6cl+toonik)<\/td>\n<td style=\"width: 50%;height: 24px\">8.70<\/td>\n<\/tr>\n<\/tbody>\n<\/table>\n<p style=\"text-align: center\"><strong>\u00a0<\/strong><\/p>\n<p style=\"text-align: center\"><strong>\u00a0<\/strong><\/p>\n<h1><\/h1>\n<p>&nbsp;<\/p>\n<p>&nbsp;<\/p>\n<p>&nbsp;<\/p>\n<table style=\"height: 313px;width: 527px\" width=\"234\">\n<tbody>\n<tr>\n<td style=\"width: 147px\"><\/td>\n<td style=\"width: 32px\"><\/td>\n<\/tr>\n<tr>\n<td style=\"width: 147px\"><\/td>\n<td style=\"width: 32px\"><\/td>\n<\/tr>\n<tr>\n<td style=\"width: 147px\"><\/td>\n<td style=\"width: 32px\"><\/td>\n<\/tr>\n<tr>\n<td style=\"width: 147px\"><\/td>\n<td style=\"width: 32px\"><\/td>\n<\/tr>\n<tr>\n<td style=\"width: 147px\"><\/td>\n<td style=\"width: 32px\"><\/td>\n<\/tr>\n<tr>\n<td style=\"width: 147px\"><\/td>\n<td style=\"width: 32px\"><\/td>\n<\/tr>\n<tr>\n<td style=\"width: 147px\"><\/td>\n<td style=\"width: 32px\"><\/td>\n<\/tr>\n<tr>\n<td style=\"width: 147px\"><\/td>\n<td style=\"width: 32px\"><strong>\u00a0<\/strong><\/td>\n<\/tr>\n<tr>\n<td style=\"width: 147px\"><\/td>\n<td style=\"width: 32px\"><\/td>\n<\/tr>\n<tr>\n<td style=\"width: 147px\"><\/td>\n<td style=\"width: 32px\"><\/td>\n<\/tr>\n<\/tbody>\n<\/table>\n<h1><\/h1>\n<table style=\"border-collapse: collapse;width: 100%;height: 744px\" border=\"1\">\n<tbody>\n<tr style=\"height: 24px\">\n<td style=\"width: 33.3333%;height: 24px\"><\/td>\n<td style=\"width: 33.3333%;height: 24px\"><\/td>\n<td style=\"width: 33.3333%;height: 24px\"><\/td>\n<\/tr>\n<tr style=\"height: 24px\">\n<td style=\"width: 33.3333%;height: 24px\"><\/td>\n<td style=\"width: 33.3333%;height: 24px\"><\/td>\n<td style=\"width: 33.3333%;height: 24px\"><\/td>\n<\/tr>\n<tr style=\"height: 24px\">\n<td style=\"width: 33.3333%;height: 24px\"><\/td>\n<td style=\"width: 33.3333%;height: 24px\"><\/td>\n<td style=\"width: 33.3333%;height: 24px\"><\/td>\n<\/tr>\n<tr style=\"height: 24px\">\n<td style=\"width: 33.3333%;height: 24px\"><\/td>\n<td style=\"width: 33.3333%;height: 24px\"><\/td>\n<td style=\"width: 33.3333%;height: 24px\"><\/td>\n<\/tr>\n<tr style=\"height: 96px\">\n<td style=\"width: 33.3333%;height: 96px\"><\/td>\n<td style=\"width: 33.3333%;height: 96px\"><\/td>\n<td style=\"width: 33.3333%;height: 96px\"><\/td>\n<\/tr>\n<tr style=\"height: 72px\">\n<td style=\"width: 33.3333%;height: 72px\"><\/td>\n<td style=\"width: 33.3333%;height: 72px\"><\/td>\n<td style=\"width: 33.3333%;height: 72px\"><\/td>\n<\/tr>\n<tr style=\"height: 24px\">\n<td style=\"width: 33.3333%;height: 24px\"><\/td>\n<td style=\"width: 33.3333%;height: 24px\"><\/td>\n<td style=\"width: 33.3333%;height: 24px\"><\/td>\n<\/tr>\n<tr style=\"height: 24px\">\n<td style=\"width: 33.3333%;height: 24px\"><\/td>\n<td style=\"width: 33.3333%;height: 24px\"><\/td>\n<td style=\"width: 33.3333%;height: 24px\"><\/td>\n<\/tr>\n<tr style=\"height: 24px\">\n<td style=\"width: 33.3333%;height: 24px\"><\/td>\n<td style=\"width: 33.3333%;height: 24px\"><\/td>\n<td style=\"width: 33.3333%;height: 24px\"><\/td>\n<\/tr>\n<tr style=\"height: 24px\">\n<td style=\"width: 33.3333%;height: 24px\"><\/td>\n<td style=\"width: 33.3333%;height: 24px\"><\/td>\n<td style=\"width: 33.3333%;height: 24px\"><\/td>\n<\/tr>\n<tr style=\"height: 24px\">\n<td style=\"width: 33.3333%;height: 24px\"><\/td>\n<td style=\"width: 33.3333%;height: 24px\"><strong>\u00a0<\/strong><\/td>\n<td style=\"width: 33.3333%;height: 24px\"><\/td>\n<\/tr>\n<tr style=\"height: 24px\">\n<td style=\"width: 33.3333%;height: 24px\"><\/td>\n<td style=\"width: 33.3333%;height: 24px\"><strong>\u00a0<\/strong><\/td>\n<td style=\"width: 33.3333%;height: 24px\"><\/td>\n<\/tr>\n<tr style=\"height: 24px\">\n<td style=\"width: 33.3333%;height: 24px\"><\/td>\n<td style=\"width: 33.3333%;height: 24px\"><strong>\u00a0<\/strong><\/td>\n<td style=\"width: 33.3333%;height: 24px\"><\/td>\n<\/tr>\n<tr style=\"height: 96px\">\n<td style=\"width: 33.3333%;height: 96px\"><\/td>\n<td style=\"width: 33.3333%;height: 96px\"><strong>\u00a0<\/strong><\/td>\n<td style=\"width: 33.3333%;height: 96px\"><\/td>\n<\/tr>\n<tr style=\"height: 72px\">\n<td style=\"width: 33.3333%;height: 72px\"><\/td>\n<td style=\"width: 33.3333%;height: 72px\"><strong>\u00a0<\/strong><\/td>\n<td style=\"width: 33.3333%;height: 72px\"><\/td>\n<\/tr>\n<tr style=\"height: 72px\">\n<td style=\"width: 33.3333%;height: 72px\"><\/td>\n<td style=\"width: 33.3333%;height: 72px\"><strong>\u00a0<\/strong><\/td>\n<td style=\"width: 33.3333%;height: 72px\"><\/td>\n<\/tr>\n<tr style=\"height: 24px\">\n<td style=\"width: 33.3333%;height: 24px\"><\/td>\n<td style=\"width: 33.3333%;height: 24px\"><strong>\u00a0<\/strong><\/td>\n<td style=\"width: 33.3333%;height: 24px\"><\/td>\n<\/tr>\n<tr style=\"height: 24px\">\n<td style=\"width: 33.3333%;height: 24px\"><\/td>\n<td style=\"width: 33.3333%;height: 24px\"><strong>\u00a0<\/strong><\/td>\n<td style=\"width: 33.3333%;height: 24px\"><\/td>\n<\/tr>\n<tr style=\"height: 24px\">\n<td style=\"width: 33.3333%;height: 24px\"><\/td>\n<td style=\"width: 33.3333%;height: 24px\"><strong>\u00a0<\/strong><\/td>\n<td style=\"width: 33.3333%;height: 24px\"><\/td>\n<\/tr>\n<\/tbody>\n<\/table>\n","protected":false},"excerpt":{"rendered":"<p>P\u00e4evapakkumised E-R: 11.00 &#8211; 15.00 P\u00e4evasupp\u00a0 3.70 P\u00e4evapraad 5.90 &nbsp; Kuupakkumised:Aprillikuus soovitame\u00a0 Corn Dog Cheddar juusuga 6.10 V\u00e4rskesalat fetakijuusu ja orzoga 7.00 Taignakoorikus hakkliha-paprikarull 11.20 M\u00fcnchneri kr\u00e4supeakook kirsimoosiga 5.70 &nbsp; Joogid: Aprillikuuskuus soovitame &nbsp; Vana Villem Kuldne 2&#215;0,5l Eesti 8.50 &#8230;<\/p>\n","protected":false},"author":1,"featured_media":1254,"parent":11,"menu_order":0,"comment_status":"closed","ping_status":"closed","template":"soogimenuu.php","meta":[],"yoast_head":"<!-- This site is optimized with the Yoast SEO plugin v18.3 - https:\/\/yoast.com\/wordpress\/plugins\/seo\/ -->\n<title>Eripakkumised - M\u00fcnchner<\/title>\n<meta name=\"robots\" content=\"index, follow, max-snippet:-1, max-image-preview:large, max-video-preview:-1\" \/>\n<link rel=\"canonical\" href=\"https:\/\/www.villemipubid.ee\/bayern\/menuu\/eripakkumised\/\" \/>\n<meta property=\"og:locale\" content=\"et_EE\" \/>\n<meta property=\"og:type\" content=\"article\" \/>\n<meta property=\"og:title\" content=\"Eripakkumised - M\u00fcnchner\" \/>\n<meta property=\"og:description\" content=\"P\u00e4evapakkumised E-R: 11.00 &#8211; 15.00 P\u00e4evasupp\u00a0 3.70 P\u00e4evapraad 5.90 &nbsp; Kuupakkumised:Aprillikuus soovitame\u00a0 Corn Dog Cheddar juusuga 6.10 V\u00e4rskesalat fetakijuusu ja orzoga 7.00 Taignakoorikus hakkliha-paprikarull 11.20 M\u00fcnchneri kr\u00e4supeakook kirsimoosiga 5.70 &nbsp; Joogid: Aprillikuuskuus soovitame &nbsp; Vana Villem Kuldne 2&#215;0,5l Eesti 8.50 ...\" \/>\n<meta property=\"og:url\" content=\"https:\/\/www.villemipubid.ee\/bayern\/menuu\/eripakkumised\/\" \/>\n<meta property=\"og:site_name\" content=\"M\u00fcnchner\" \/>\n<meta property=\"article:modified_time\" content=\"2026-04-01T10:19:54+00:00\" \/>\n<meta property=\"og:image\" content=\"http:\/\/www.villemipubid.ee\/bayern\/wp-content\/uploads\/sites\/5\/2024\/03\/bayren_.jpg\" \/>\n\t<meta property=\"og:image:width\" content=\"1600\" \/>\n\t<meta property=\"og:image:height\" content=\"936\" \/>\n\t<meta property=\"og:image:type\" content=\"image\/jpeg\" \/>\n<meta name=\"twitter:card\" content=\"summary\" \/>\n<meta name=\"twitter:label1\" content=\"Est. reading time\" \/>\n\t<meta name=\"twitter:data1\" content=\"1 minut\" \/>\n<script type=\"application\/ld+json\" class=\"yoast-schema-graph\">{\"@context\":\"https:\/\/schema.org\",\"@graph\":[{\"@type\":\"WebSite\",\"@id\":\"https:\/\/www.villemipubid.ee\/bayern\/#website\",\"url\":\"https:\/\/www.villemipubid.ee\/bayern\/\",\"name\":\"M\u00fcnchner\",\"description\":\"J\u00e4rjekordne Vana Villem veebileht\",\"potentialAction\":[{\"@type\":\"SearchAction\",\"target\":{\"@type\":\"EntryPoint\",\"urlTemplate\":\"https:\/\/www.villemipubid.ee\/bayern\/?s={search_term_string}\"},\"query-input\":\"required name=search_term_string\"}],\"inLanguage\":\"et\"},{\"@type\":\"ImageObject\",\"@id\":\"https:\/\/www.villemipubid.ee\/bayern\/menuu\/eripakkumised\/#primaryimage\",\"inLanguage\":\"et\",\"url\":\"https:\/\/www.villemipubid.ee\/bayern\/wp-content\/uploads\/sites\/5\/2024\/03\/bayren_.jpg\",\"contentUrl\":\"https:\/\/www.villemipubid.ee\/bayern\/wp-content\/uploads\/sites\/5\/2024\/03\/bayren_.jpg\",\"width\":1600,\"height\":936},{\"@type\":\"WebPage\",\"@id\":\"https:\/\/www.villemipubid.ee\/bayern\/menuu\/eripakkumised\/#webpage\",\"url\":\"https:\/\/www.villemipubid.ee\/bayern\/menuu\/eripakkumised\/\",\"name\":\"Eripakkumised - M\u00fcnchner\",\"isPartOf\":{\"@id\":\"https:\/\/www.villemipubid.ee\/bayern\/#website\"},\"primaryImageOfPage\":{\"@id\":\"https:\/\/www.villemipubid.ee\/bayern\/menuu\/eripakkumised\/#primaryimage\"},\"datePublished\":\"2015-08-24T11:12:40+00:00\",\"dateModified\":\"2026-04-01T10:19:54+00:00\",\"breadcrumb\":{\"@id\":\"https:\/\/www.villemipubid.ee\/bayern\/menuu\/eripakkumised\/#breadcrumb\"},\"inLanguage\":\"et\",\"potentialAction\":[{\"@type\":\"ReadAction\",\"target\":[\"https:\/\/www.villemipubid.ee\/bayern\/menuu\/eripakkumised\/\"]}]},{\"@type\":\"BreadcrumbList\",\"@id\":\"https:\/\/www.villemipubid.ee\/bayern\/menuu\/eripakkumised\/#breadcrumb\",\"itemListElement\":[{\"@type\":\"ListItem\",\"position\":1,\"name\":\"Home\",\"item\":\"https:\/\/www.villemipubid.ee\/bayern\/\"},{\"@type\":\"ListItem\",\"position\":2,\"name\":\"Men\u00fc\u00fc\",\"item\":\"https:\/\/www.villemipubid.ee\/bayern\/menuu\/\"},{\"@type\":\"ListItem\",\"position\":3,\"name\":\"Eripakkumised\"}]}]}<\/script>\n<!-- \/ Yoast SEO plugin. -->","yoast_head_json":{"title":"Eripakkumised - M\u00fcnchner","robots":{"index":"index","follow":"follow","max-snippet":"max-snippet:-1","max-image-preview":"max-image-preview:large","max-video-preview":"max-video-preview:-1"},"canonical":"https:\/\/www.villemipubid.ee\/bayern\/menuu\/eripakkumised\/","og_locale":"et_EE","og_type":"article","og_title":"Eripakkumised - M\u00fcnchner","og_description":"P\u00e4evapakkumised E-R: 11.00 &#8211; 15.00 P\u00e4evasupp\u00a0 3.70 P\u00e4evapraad 5.90 &nbsp; Kuupakkumised:Aprillikuus soovitame\u00a0 Corn Dog Cheddar juusuga 6.10 V\u00e4rskesalat fetakijuusu ja orzoga 7.00 Taignakoorikus hakkliha-paprikarull 11.20 M\u00fcnchneri kr\u00e4supeakook kirsimoosiga 5.70 &nbsp; Joogid: Aprillikuuskuus soovitame &nbsp; Vana Villem Kuldne 2&#215;0,5l Eesti 8.50 ...","og_url":"https:\/\/www.villemipubid.ee\/bayern\/menuu\/eripakkumised\/","og_site_name":"M\u00fcnchner","article_modified_time":"2026-04-01T10:19:54+00:00","og_image":[{"width":1600,"height":936,"url":"http:\/\/www.villemipubid.ee\/bayern\/wp-content\/uploads\/sites\/5\/2024\/03\/bayren_.jpg","type":"image\/jpeg"}],"twitter_card":"summary","twitter_misc":{"Est. reading time":"1 minut"},"schema":{"@context":"https:\/\/schema.org","@graph":[{"@type":"WebSite","@id":"https:\/\/www.villemipubid.ee\/bayern\/#website","url":"https:\/\/www.villemipubid.ee\/bayern\/","name":"M\u00fcnchner","description":"J\u00e4rjekordne Vana Villem veebileht","potentialAction":[{"@type":"SearchAction","target":{"@type":"EntryPoint","urlTemplate":"https:\/\/www.villemipubid.ee\/bayern\/?s={search_term_string}"},"query-input":"required name=search_term_string"}],"inLanguage":"et"},{"@type":"ImageObject","@id":"https:\/\/www.villemipubid.ee\/bayern\/menuu\/eripakkumised\/#primaryimage","inLanguage":"et","url":"https:\/\/www.villemipubid.ee\/bayern\/wp-content\/uploads\/sites\/5\/2024\/03\/bayren_.jpg","contentUrl":"https:\/\/www.villemipubid.ee\/bayern\/wp-content\/uploads\/sites\/5\/2024\/03\/bayren_.jpg","width":1600,"height":936},{"@type":"WebPage","@id":"https:\/\/www.villemipubid.ee\/bayern\/menuu\/eripakkumised\/#webpage","url":"https:\/\/www.villemipubid.ee\/bayern\/menuu\/eripakkumised\/","name":"Eripakkumised - M\u00fcnchner","isPartOf":{"@id":"https:\/\/www.villemipubid.ee\/bayern\/#website"},"primaryImageOfPage":{"@id":"https:\/\/www.villemipubid.ee\/bayern\/menuu\/eripakkumised\/#primaryimage"},"datePublished":"2015-08-24T11:12:40+00:00","dateModified":"2026-04-01T10:19:54+00:00","breadcrumb":{"@id":"https:\/\/www.villemipubid.ee\/bayern\/menuu\/eripakkumised\/#breadcrumb"},"inLanguage":"et","potentialAction":[{"@type":"ReadAction","target":["https:\/\/www.villemipubid.ee\/bayern\/menuu\/eripakkumised\/"]}]},{"@type":"BreadcrumbList","@id":"https:\/\/www.villemipubid.ee\/bayern\/menuu\/eripakkumised\/#breadcrumb","itemListElement":[{"@type":"ListItem","position":1,"name":"Home","item":"https:\/\/www.villemipubid.ee\/bayern\/"},{"@type":"ListItem","position":2,"name":"Men\u00fc\u00fc","item":"https:\/\/www.villemipubid.ee\/bayern\/menuu\/"},{"@type":"ListItem","position":3,"name":"Eripakkumised"}]}]}},"_links":{"self":[{"href":"https:\/\/www.villemipubid.ee\/bayern\/wp-json\/wp\/v2\/pages\/326"}],"collection":[{"href":"https:\/\/www.villemipubid.ee\/bayern\/wp-json\/wp\/v2\/pages"}],"about":[{"href":"https:\/\/www.villemipubid.ee\/bayern\/wp-json\/wp\/v2\/types\/page"}],"author":[{"embeddable":true,"href":"https:\/\/www.villemipubid.ee\/bayern\/wp-json\/wp\/v2\/users\/1"}],"replies":[{"embeddable":true,"href":"https:\/\/www.villemipubid.ee\/bayern\/wp-json\/wp\/v2\/comments?post=326"}],"version-history":[{"count":367,"href":"https:\/\/www.villemipubid.ee\/bayern\/wp-json\/wp\/v2\/pages\/326\/revisions"}],"predecessor-version":[{"id":1485,"href":"https:\/\/www.villemipubid.ee\/bayern\/wp-json\/wp\/v2\/pages\/326\/revisions\/1485"}],"up":[{"embeddable":true,"href":"https:\/\/www.villemipubid.ee\/bayern\/wp-json\/wp\/v2\/pages\/11"}],"wp:featuredmedia":[{"embeddable":true,"href":"https:\/\/www.villemipubid.ee\/bayern\/wp-json\/wp\/v2\/media\/1254"}],"wp:attachment":[{"href":"https:\/\/www.villemipubid.ee\/bayern\/wp-json\/wp\/v2\/media?parent=326"}],"curies":[{"name":"wp","href":"https:\/\/api.w.org\/{rel}","templated":true}]}}